8) a prime number?
False
Let n = 11 + -9. Suppose -80 = n*o + 2*o. Is (-46310)/o - (6/(-4) - 0) a prime number?
False
Suppose 4*a = -3*n + 133352, 5*n + 11155 = a - 22160. Suppose -4*c - a = -9*c + 4*f, -2*f = 0. Is c prime?
False
Let s(v) = -4*v - 17 + 9*v**2 - 7 + 22. Is s(5) prime?
False
Suppose -122 + 58 = 8*n. Is (n/12)/(-2*(-4)/(-69060)) composite?
True
Let o(m) = 0*m**3 - 19*m**2 + 129 + m**3 - 120 - 2*m**3 - 24*m. Is o(-20) a composite number?
True
Let i(f) = -463*f**2 + 2*f - 3. Let u be i(1). Suppose 5*l - 2854 = -4*b + 2605, -4*b - 16 = 0. Let q = u + l. Is q a composite number?
False
Let w be 5/25*0*(-7)/14. Suppose -12*f - 118620 + 586056 = w. Is f prime?
True
Let y be (-47228)/2 + (-21)/(-7) + -7. Let f = -10389 - y. Is f composite?
False
Let t be (-1 - -1 - -1)*0/(-106). Let v be -2 + 8/2 + -3. Is (v + 16432/(-12))*(t - 3) prime?
True
Let c(p) = 605*p + 7. Let d(y) = -2*y + 1. Let z(r) = -c(r) + 4*d(r). Is z(-5) a prime number?
False
Suppose 4*o + 227378 + 39238 = 4*j, -4*o = -j + 66669. Let p = j - 39156. Is p composite?
True
Suppose 3*l + 2*s = s - 3680, 0 = 4*l - 4*s + 4896. Let j = -639 - l. Is j a composite number?
False
Suppose 39*o - 101728 + 2085344 = 11996749. Is o a prime number?
False
Let k be ((-1)/2)/(139777/139766 + -1). Let q = k + 11662. Is q composite?
False
Let q(c) = -c**3 - 9*c**2 - 6*c + 16. Suppose 0 = 5*s - 15, -2*f + 44 = -6*f + 4*s. Let w be q(f). Suppose 6*u - 6133 + 271 = w. Is u a prime number?
True
Suppose -3*p - 3*p = 24. Let c be -12*p/(-18) - 4/12. Let n(o) = -59*o**3 - o**2 - 3*o - 8. Is n(c) composite?
True
Let n(t) = -6*t - 50. Let u be n(-10). Let q be 591 + (3 - u/3)*-12. Let b = 914 - q. Is b a composite number?
True
Let l be (0 - 2)/(-8 + 7). Let b = 1 - -4. Suppose -b*c - 2*z = -15317, -4*c = -7*c + l*z + 9203. Is c a composite number?
True
Suppose q = 4*v - 24, 0 = -4*v - 12*q + 10*q + 36. Let m(d) = 224*d**2 + 8*d - 39. Is m(v) prime?
True
Suppose -32 = -2*r + 48. Let s = r - 28. Is -284*(-7)/(112/s) prime?
False
Let q(m) = -1576*m**3 - 6*m**2 - 76*m - 175. Is q(-9) a prime number?
False
Suppose 93*j = 16*j + 48356231. Is j a composite number?
True
Let n(o) = 2888*o**3 - 6*o**2 + o + 4. Is n(3) composite?
False
Suppose 20*v = -v + 94562 + 99961. Is v composite?
True
Let o = 8320 - 5571. Suppose 11*v + 4*t = 10*v + 703, 0 = 4*v - 5*t - o. Is v a prime number?
True
Suppose 0 = 5*y + 5*y - 97570. Suppose 3*w + 2104 = y. Suppose -3*f + 14698 - w = 0. Is f a prime number?
True
Let s(j) = j**3 + 4*j**2 - 21*j + 16. Let g be s(-7). Suppose 0 = -18*h - g*h + 13498. Is h composite?
False
Let g = 563 - 330. Suppose 4*t - 4*a + 9 - 37 = 0, 3*t - 5*a - 29 = 0. Suppose g = u + 3*l - 65, -t*u + 2*l + 927 = 0. Is u composite?
False
Let l be -2 + 3 + 1 - -1. Let b be 3 + 586 + 3 + l. Suppose 0 = -3*s + b + 392. Is s a composite number?
True
Suppose c - 1 - 13 = 0. Suppose 28071 = 23*m - c*m. Is m composite?
False
Suppose 2 = 2*h + 32. Let r be (2/(-4))/(h/(-30)). Is (-3)/r*(30 + 11) a composite number?
True
Suppose 3*i = -6, 5*d = 6*i - 2*i + 2358. Suppose 5*w - d = 5*g - 10*g, 0 = g + 4*w - 82. Is (-28)/g - (-331)/7 a composite number?
False
Suppose -326 = 3*q + 4*p + p, -3*q - 318 = 3*p. Let d = q + 102. Suppose 0 = -3*g - 3*c - c + 15835, d = 5*g - 4*c - 26349. Is g a prime number?
True
Let i(f) = f**3 + 20*f**2 - 3*f - 8. Let k be i(-20). Suppose -3*m - k + 522 = -4*y, -464 = -3*m + y. Is 6758/22 + (-28)/m prime?
True
Suppose 429879 = -11*h + 6610. Is h/(-46) + 3/2 prime?
False
Let n(a) = -a**3 - 14*a**2 - 12*a + 13. Let m be n(-13). Suppose m = -4*u + 2*u + 1158. Suppose 0 = 3*h + 240 - u. Is h prime?
True
Let t(x) = 899*x - 387. Is t(26) a composite number?
True
Suppose 0 = 6*t + 17 - 47. Suppose 0 = x + l - 0*l + 1, x - 17 = t*l. Is ((-271)/x)/(16/(-32)) composite?
False
Suppose 3*d - 26 = 4*s, -5*s + 0 = 4*d + 17. Let v(k) = 10*k + 227*k**d - 4*k + 114*k**2 - k. Is v(-2) a prime number?
False
Let a(g) = -135*g**2 + 7*g + 10. Let d be a(-4). Is 7 - (d - -6) - (-1 + -3) a prime number?
False
Suppose -g - 5950930 = -5*y, -5*y - 57*g + 52*g = -5950900. Is y a prime number?
False
Let z be 3/9 - (-2414)/3. Suppose -3*b - 4*v + 19865 = 0, -4*b - 5*v = z - 27292. Is b prime?
False
Let n(z) = 10*z - 9*z**2 + 26*z**2 - 11 + 42*z**2 + 58*z**2. Is n(-10) prime?
False
Suppose 0 = -5*f - 3802 - 423. Let c = 3922 - 898. Let x = c + f. Is x composite?
False
Suppose 93 = 4*z - 5*o, 0 = -2*z + 5*o - o + 48. Let m = z - 25. Is m*(-3 - -4) - -194 a prime number?
True
Suppose -5*a = -a + 36. Let y(h) = 7*h**3 + 15*h**2 - 24*h + 5. Let q(c) = -4*c**3 - 8*c**2 + 12*c - 2. Let u(x) = -5*q(x) - 3*y(x). Is u(a) a prime number?
True
Let w be 40/8 + 0 - 3183. Let u = w + 15857. Is u a prime number?
False
Suppose -3*j + 2*l + 29 = 2, 3*l + 46 = 5*j. Let n = j - 8. Suppose 3*r - 17388 = -n*c, 3*c - 5343 = 3*r + 12075. Is c prime?
True
Let i(p) = -4*p**2 + 4*p + 11. Let x(h) = -1090 + 1090 - h. Let c(m) = -i(m) - 4*x(m). Is c(-4) composite?
False
Let u(z) = z**3 - 20*z**2 + 45*z - 44. Let m be u(36). Let k = -15683 + m. Is k a prime number?
False
Let c = 760 + -757. Suppose 0*b + b + 2*w - 150 = 0, -438 = -3*b - c*w. Is b a prime number?
False
Let o = 209 + -297. Is (-210424)/o + 2/(-11) a prime number?
False
Let o(u) = -13*u**2 - 7*u - 7. Let l(v) = -7*v**2 - 4*v - 4. Let q(x) = 5*l(x) - 3*o(x). Let g be q(-1). Suppose 722 = -g*r + 3166. Is r a composite number?
True
Suppose 123*q + 3001299 = 270*q. Is q a prime number?
False
Suppose -x = 4*a - 405064, -2*a + 202546 = -3*x - 0*x. Is a a prime number?
True
Suppose h = 9 - 16, 0 = d - 3*h - 200652. Is d prime?
False
Let z = 387 + 6362. Is z prime?
False
Let h(i) = 19*i**2 - 20*i + 8. Let x be h(8). Suppose -6*j + 0*j - 4410 = 0. Let b = j + x. Is b prime?
False
Suppose 4*t + 16 = 48. Let r = -10 + t. Is (-2)/14*r + 5577/7 prime?
True
Let d be ((-10)/4)/((-285)/114). Is (310609/(-26))/(d/(-2)) prime?
True
Let q(h) = 7159*h**2 + 203*h - 1591. Is q(8) composite?
True
Suppose 3*u - 3*v - 583858 = 264674, -4*v - 565686 = -2*u. Is u composite?
True
Let v(x) = -5*x + 16. Let s be v(-2). Suppose s*y - 71879 = -14445. Is y prime?
False
Let p(u) = 14030*u**2 + 20*u - 2. Let s be p(1). Let c = 21909 - s. Is c prime?
False
Is 13 + -5 - (29238374/(-88) + (-6)/8) a composite number?
False
Suppose -3*b - 5*h + 1534747 = 0, -5*h - 1534727 = -5*b + 2*b. Is b composite?
False
Let s = 9245 - 3706. Is s prime?
False
Let z = 49 - 49. Suppose 3*q + 212 - 1268 = z. Suppose -3*u + 1531 = q. Is u composite?
True
Let s(l) = 7*l**3 - 11*l**2 - 17. Let q = -19 + 27. Is s(q) a prime number?
False
Let l(x) = -12*x**3 + 3*x**2 - 3*x. Let s(f) = -f**3 + f + 1. Let z = -12 - -11. Let v(y) = z*l(y) + 2*s(y). Is v(4) a composite number?
True
Is (-37 - -37) + 59461 + -2 a composite number?
True
Let f be (-2)/5*(-3 - (3 - 1)). Let w be -2*((-6)/9 + (-21)/(-18)). Is (w/f)/((-5)/2890) prime?
False
Suppose 4*a - 5*y - 5403 = 0, -a + 1250 + 104 = 2*y. Suppose -17 = -5*r + 3, 4*d - r = a. Is d a prime number?
False
Is (-979556)/(-8) + (-1)/4*(-60 - -66) a composite number?
False
Suppose 49*b - 2*p = 43*b + 115448, 5*b - 96206 = p. Is b a prime number?
False
Suppose -11*y + 33*y - 981332 = 0. Let t = -20089 + y. Is t a composite number?
False
Let j = 449070 + -292581. Is j a composite number?
True
Suppose 2*l + 8*l = 3*l. Suppose 0*v - 599 = -4*s + 3*v, 5*s - 5*v - 755 = l. Suppose 2*m + s = 1636. Is m a prime number?
False
Let m(c) = -6*c - 7. Let t be -4*(-2)/(-40) + (-8)/10. Let b be m(t). Is b*501/9*-15 composite?
True
Let b(m) = -m**3 - 10*m**2 - 2*m - 16. Let h be b(-10). Suppose -4*l + 9928 = 3*r, -12512 = -h*l + 5*r - 2616. Is l a prime number?
False
Suppose -4*y - 889200 = -3*b + 351747, -827296 = -2*b + 3*y. Is b a composite number?
True
Let h(y) = 42*y**2 + 7*y + 6. Let c(u) be the third derivative of u**5/60 + u**4/24 + u**3/6 - 5*u**2. Let x(t) = 2*c(t) + h(t). Is x(-3) a composite number?
True
Suppose 25233 = -7*t - 17768. Is t*(6 + 21/(-3)) a composite number?
False
Let a be ((-204)/136)/(2/4). Let z(i) = 35*i**3 + 11*i**2 + 5*i - 6. Let g(q) = 7*q**3 + 2*q**2 + q - 1. Let m(s) = -11*g(s) + 2*z(s). Is m(a) composite?
False
Let m be (-20)/(0 + -2) - (3 - 1). Let u(r) = 93*r + 13. Is u(m) composite?
F